{"id":3998,"date":"2023-08-02T18:11:50","date_gmt":"2023-08-02T15:11:50","guid":{"rendered":"https:\/\/plusplise.com\/demo\/?page_id=3998"},"modified":"2024-01-06T00:30:20","modified_gmt":"2024-01-05T21:30:20","slug":"projelerimiz","status":"publish","type":"page","link":"https:\/\/ozkatreinsaat.com\/insaat\/projelerimiz\/","title":{"rendered":"Projelerimiz"},"content":{"rendered":"\t\t<div data-elementor-type=\"wp-post\" data-elementor-id=\"3998\" class=\"elementor elementor-3998\">\n\t\t\t\t\t\t\t\t\t<section class=\"elementor-section elementor-top-section elementor-element elementor-element-9fbdc19 elementor-section-height-min-height elementor-section-boxed elementor-section-height-default elementor-section-items-middle\" data-id=\"9fbdc19\" data-element_type=\"section\" data-settings=\"{&quot;background_background&quot;:&quot;classic&quot;}\">\n\t\t\t\t\t\t\t<div class=\"elementor-background-overlay\"><\/div>\n\t\t\t\t\t\t\t<div class=\"elementor-container elementor-column-gap-default\">\n\t\t\t\t\t<div class=\"elementor-column elementor-col-100 elementor-top-column elementor-element elementor-element-90e0377\" data-id=\"90e0377\" data-element_type=\"column\">\n\t\t\t<div class=\"elementor-widget-wrap elementor-element-populated\">\n\t\t\t\t\t\t\t\t<div class=\"elementor-element elementor-element-5fec92a elementor-widget elementor-widget-heading\" data-id=\"5fec92a\" data-element_type=\"widget\" data-widget_type=\"heading.default\">\n\t\t\t\t<div class=\"elementor-widget-container\">\n\t\t\t<style>\/*! elementor - v3.14.0 - 26-06-2023 *\/\n.elementor-heading-title{padding:0;margin:0;line-height:1}.elementor-widget-heading .elementor-heading-title[class*=elementor-size-]>a{color:inherit;font-size:inherit;line-height:inherit}.elementor-widget-heading .elementor-heading-title.elementor-size-small{font-size:15px}.elementor-widget-heading .elementor-heading-title.elementor-size-medium{font-size:19px}.elementor-widget-heading .elementor-heading-title.elementor-size-large{font-size:29px}.elementor-widget-heading .elementor-heading-title.elementor-size-xl{font-size:39px}.elementor-widget-heading .elementor-heading-title.elementor-size-xxl{font-size:59px}<\/style><h2 class=\"elementor-heading-title elementor-size-default\">Projelerimiz<\/h2>\t\t<\/div>\n\t\t\t\t<\/div>\n\t\t\t\t<div class=\"elementor-element elementor-element-86af609 elementor-icon-list--layout-inline elementor-align-center elementor-list-item-link-full_width elementor-widget elementor-widget-icon-list\" data-id=\"86af609\" data-element_type=\"widget\" data-widget_type=\"icon-list.default\">\n\t\t\t\t<div class=\"elementor-widget-container\">\n\t\t\t<link rel=\"stylesheet\" href=\"https:\/\/ozkatreinsaat.com\/insaat\/wp-content\/plugins\/elementor\/assets\/css\/widget-icon-list.min.css\">\t\t<ul class=\"elementor-icon-list-items elementor-inline-items\">\n\t\t\t\t\t\t\t<li class=\"elementor-icon-list-item elementor-inline-item\">\n\t\t\t\t\t\t\t\t\t\t\t<a href=\"https:\/\/plusplise.com\/\">\n\n\t\t\t\t\t\t\t\t\t\t\t<span class=\"elementor-icon-list-text\">Anasayfa<\/span>\n\t\t\t\t\t\t\t\t\t\t\t<\/a>\n\t\t\t\t\t\t\t\t\t<\/li>\n\t\t\t\t\t\t\t\t<li class=\"elementor-icon-list-item elementor-inline-item\">\n\t\t\t\t\t\t\t\t\t\t\t<a href=\"https:\/\/plusplise.com\/projelerimiz\">\n\n\t\t\t\t\t\t\t\t\t\t\t\t<span class=\"elementor-icon-list-icon\">\n\t\t\t\t\t\t\t<i aria-hidden=\"true\" class=\"fas fa-angle-right\"><\/i>\t\t\t\t\t\t<\/span>\n\t\t\t\t\t\t\t\t\t\t<span class=\"elementor-icon-list-text\">Projelerimiz<\/span>\n\t\t\t\t\t\t\t\t\t\t\t<\/a>\n\t\t\t\t\t\t\t\t\t<\/li>\n\t\t\t\t\t\t<\/ul>\n\t\t\t\t<\/div>\n\t\t\t\t<\/div>\n\t\t\t\t\t<\/div>\n\t\t<\/div>\n\t\t\t\t\t\t\t<\/div>\n\t\t<\/section>\n\t\t\t\t<section class=\"elementor-section elementor-top-section elementor-element elementor-element-15012d2 elementor-section-boxed elementor-section-height-default elementor-section-height-default\" data-id=\"15012d2\" data-element_type=\"section\" data-settings=\"{&quot;background_background&quot;:&quot;classic&quot;}\">\n\t\t\t\t\t\t\t<div class=\"elementor-background-overlay\"><\/div>\n\t\t\t\t\t\t\t<div class=\"elementor-container elementor-column-gap-default\">\n\t\t\t\t\t<div class=\"elementor-column elementor-col-100 elementor-top-column elementor-element elementor-element-9ec1b21\" data-id=\"9ec1b21\" data-element_type=\"column\">\n\t\t\t<div class=\"elementor-widget-wrap elementor-element-populated\">\n\t\t\t\t\t\t\t\t<div class=\"elementor-element elementor-element-9a4b95a elementor-widget elementor-widget-bim-portfolio\" data-id=\"9a4b95a\" data-element_type=\"widget\" data-widget_type=\"bim-portfolio.default\">\n\t\t\t\t<div class=\"elementor-widget-container\">\n\t\t\t\t\t<div class=\"filter-tab\">\r\n\t        <ul class=\"port-filter center-port-filter animated fadeInUp slow\" data-animation=\"fadeInUp\" data-delay=\"0.8s\" >\r\n\t                            \r\n\t\t\t\t \r\n\t        <\/ul>\r\n        <\/div>\r\n\t\t\r\n        \r\n   \r\n   \t\t<div class=\"portfolio-body clearfix standard-port portfolio-type-three\">\r\n\t\t\t            \r\n            <div class=\"col-md-4             port-item post-3731 portfolio type-portfolio status-publish has-post-thumbnail hentry \" id=\"post-3731\" >\r\n               \r\n                <div class=\"port-inner\"> \r\n\r\n\t\t\t\t\t\r\n\t                    <div class=\"port-box\"><\/div> \r\n\t                    <div class=\"port-img width-img img-bg\" style=\"background-image:url(https:\/\/ozkatreinsaat.com\/insaat\/wp-content\/uploads\/2023\/12\/42935.jpg);\"><\/div>\r\n\t                                        \r\n\r\n                    <div class=\"img-mask\"><\/div>\r\n                    <div class=\"port-dbox\">\r\n                        <div class=\"dbox-relative\">\r\n                        \t                            <a href=\"https:\/\/ozkatreinsaat.com\/insaat\/wp-content\/uploads\/2023\/12\/42935.jpg\" class=\"popup-img port-icon\"> \r\n                                <span class=\"icon\"><i class=\"fa fa-search\"><\/i><\/span>\r\n                             <\/a>\r\n                                                         <h3><a href=\"https:\/\/ozkatreinsaat.com\/insaat\/portfolio\/oz-katre-insaat\/\" >\u00d6z Katre \u0130nsaat<\/a><\/h3>\r\n                            <div class=\"cleaboth clearfix\"><\/div>\r\n                             \r\n                            <p><\/p>\r\n                        <\/div><!--\/.dbox-relative-->\r\n                        \t                     <\/a>\r\n                    <\/div><!--\/.port-dbox--> \r\n                <\/div><!--\/.port-inner-->                \r\n                \r\n            <\/div><!--.port-item-->\r\n           \r\n                       \r\n            <div class=\"col-md-4             port-item post-3730 portfolio type-portfolio status-publish has-post-thumbnail hentry \" id=\"post-3730\" >\r\n               \r\n                <div class=\"port-inner\"> \r\n\r\n\t\t\t\t\t\r\n\t                    <div class=\"port-box\"><\/div> \r\n\t                    <div class=\"port-img width-img img-bg\" style=\"background-image:url(https:\/\/ozkatreinsaat.com\/insaat\/wp-content\/uploads\/2023\/12\/0113670_yesil-insaat-teknolojilerine-dunya-capinda-22-milyar-dolarlik-yatirim.jpeg);\"><\/div>\r\n\t                                        \r\n\r\n                    <div class=\"img-mask\"><\/div>\r\n                    <div class=\"port-dbox\">\r\n                        <div class=\"dbox-relative\">\r\n                        \t                            <a href=\"https:\/\/ozkatreinsaat.com\/insaat\/wp-content\/uploads\/2023\/12\/0113670_yesil-insaat-teknolojilerine-dunya-capinda-22-milyar-dolarlik-yatirim.jpeg\" class=\"popup-img port-icon\"> \r\n                                <span class=\"icon\"><i class=\"fa fa-search\"><\/i><\/span>\r\n                             <\/a>\r\n                                                         <h3><a href=\"https:\/\/ozkatreinsaat.com\/insaat\/portfolio\/oz-katre-insaat-2\/\" >\u00d6z Katre \u0130nsaat<\/a><\/h3>\r\n                            <div class=\"cleaboth clearfix\"><\/div>\r\n                             \r\n                            <p><\/p>\r\n                        <\/div><!--\/.dbox-relative-->\r\n                        \t                     <\/a>\r\n                    <\/div><!--\/.port-dbox--> \r\n                <\/div><!--\/.port-inner-->                \r\n                \r\n            <\/div><!--.port-item-->\r\n           \r\n                       \r\n            <div class=\"col-md-4             port-item post-3729 portfolio type-portfolio status-publish has-post-thumbnail hentry \" id=\"post-3729\" >\r\n               \r\n                <div class=\"port-inner\"> \r\n\r\n\t\t\t\t\t\r\n\t                    <div class=\"port-box\"><\/div> \r\n\t                    <div class=\"port-img width-img img-bg\" style=\"background-image:url(https:\/\/ozkatreinsaat.com\/insaat\/wp-content\/uploads\/2023\/12\/Adsiz-tasarim-62.png);\"><\/div>\r\n\t                                        \r\n\r\n                    <div class=\"img-mask\"><\/div>\r\n                    <div class=\"port-dbox\">\r\n                        <div class=\"dbox-relative\">\r\n                        \t                            <a href=\"https:\/\/ozkatreinsaat.com\/insaat\/wp-content\/uploads\/2023\/12\/Adsiz-tasarim-62.png\" class=\"popup-img port-icon\"> \r\n                                <span class=\"icon\"><i class=\"fa fa-search\"><\/i><\/span>\r\n                             <\/a>\r\n                                                         <h3><a href=\"https:\/\/ozkatreinsaat.com\/insaat\/portfolio\/oz-katre-insaat-3\/\" >\u00d6z Katre \u0130nsaat<\/a><\/h3>\r\n                            <div class=\"cleaboth clearfix\"><\/div>\r\n                             \r\n                            <p><\/p>\r\n                        <\/div><!--\/.dbox-relative-->\r\n                        \t                     <\/a>\r\n                    <\/div><!--\/.port-dbox--> \r\n                <\/div><!--\/.port-inner-->                \r\n                \r\n            <\/div><!--.port-item-->\r\n           \r\n           \t\t\t\r\n\t\t\t\t   <!--pagination--> \r\n                                             \r\n                            \r\n        <\/div><!--\/.portfolio-body-->\r\n                        \r\n\t\t\t\t<\/div>\n\t\t\t\t<\/div>\n\t\t\t\t\t<\/div>\n\t\t<\/div>\n\t\t\t\t\t\t\t<\/div>\n\t\t<\/section>\n\t\t\t\t<section class=\"elementor-section elementor-top-section elementor-element elementor-element-7b8e589 elementor-section-boxed elementor-section-height-default elementor-section-height-default\" data-id=\"7b8e589\" data-element_type=\"section\">\n\t\t\t\t\t\t<div class=\"elementor-container elementor-column-gap-default\">\n\t\t\t\t\t<div class=\"elementor-column elementor-col-100 elementor-top-column elementor-element elementor-element-b8060bc\" data-id=\"b8060bc\" data-element_type=\"column\">\n\t\t\t<div class=\"elementor-widget-wrap elementor-element-populated\">\n\t\t\t\t\t\t\t\t<div class=\"elementor-element elementor-element-bc1b7dc elementor-widget elementor-widget-spacer\" data-id=\"bc1b7dc\" data-element_type=\"widget\" data-widget_type=\"spacer.default\">\n\t\t\t\t<div class=\"elementor-widget-container\">\n\t\t\t<style>\/*! elementor - v3.14.0 - 26-06-2023 *\/\n.elementor-column .elementor-spacer-inner{height:var(--spacer-size)}.e-con{--container-widget-width:100%}.e-con-inner>.elementor-widget-spacer,.e-con>.elementor-widget-spacer{width:var(--container-widget-width,var(--spacer-size));--align-self:var(--container-widget-align-self,initial);--flex-shrink:0}.e-con-inner>.elementor-widget-spacer>.elementor-widget-container,.e-con-inner>.elementor-widget-spacer>.elementor-widget-container>.elementor-spacer,.e-con>.elementor-widget-spacer>.elementor-widget-container,.e-con>.elementor-widget-spacer>.elementor-widget-container>.elementor-spacer{height:100%}.e-con-inner>.elementor-widget-spacer>.elementor-widget-container>.elementor-spacer>.elementor-spacer-inner,.e-con>.elementor-widget-spacer>.elementor-widget-container>.elementor-spacer>.elementor-spacer-inner{height:var(--container-widget-height,var(--spacer-size))}<\/style>\t\t<div class=\"elementor-spacer\">\n\t\t\t<div class=\"elementor-spacer-inner\"><\/div>\n\t\t<\/div>\n\t\t\t\t<\/div>\n\t\t\t\t<\/div>\n\t\t\t\t\t<\/div>\n\t\t<\/div>\n\t\t\t\t\t\t\t<\/div>\n\t\t<\/section>\n\t\t\t\t<section class=\"elementor-section elementor-top-section elementor-element elementor-element-16089e6 elementor-section-boxed elementor-section-height-default elementor-section-height-default\" data-id=\"16089e6\" data-element_type=\"section\">\n\t\t\t\t\t\t<div class=\"elementor-container elementor-column-gap-default\">\n\t\t\t\t\t<div class=\"elementor-column elementor-col-100 elementor-top-column elementor-element elementor-element-b3dec69\" data-id=\"b3dec69\" data-element_type=\"column\">\n\t\t\t<div class=\"elementor-widget-wrap elementor-element-populated\">\n\t\t\t\t\t\t\t\t<div class=\"elementor-element elementor-element-68252eb elementor-widget elementor-widget-image\" data-id=\"68252eb\" data-element_type=\"widget\" data-widget_type=\"image.default\">\n\t\t\t\t<div class=\"elementor-widget-container\">\n\t\t\t<style>\/*! elementor - v3.14.0 - 26-06-2023 *\/\n.elementor-widget-image{text-align:center}.elementor-widget-image a{display:inline-block}.elementor-widget-image a img[src$=\".svg\"]{width:48px}.elementor-widget-image img{vertical-align:middle;display:inline-block}<\/style>\t\t\t\t\t\t\t\t\t\t\t\t<img loading=\"lazy\" decoding=\"async\" width=\"1024\" height=\"160\" src=\"https:\/\/ozkatreinsaat.com\/insaat\/wp-content\/uploads\/2023\/08\/teklif-1-1024x160.png\" class=\"attachment-large size-large wp-image-3872\" alt=\"\" \/>\t\t\t\t\t\t\t\t\t\t\t\t\t\t\t<\/div>\n\t\t\t\t<\/div>\n\t\t\t\t<div class=\"elementor-element elementor-element-18aeef0 elementor-widget elementor-widget-spacer\" data-id=\"18aeef0\" data-element_type=\"widget\" data-widget_type=\"spacer.default\">\n\t\t\t\t<div class=\"elementor-widget-container\">\n\t\t\t\t\t<div class=\"elementor-spacer\">\n\t\t\t<div class=\"elementor-spacer-inner\"><\/div>\n\t\t<\/div>\n\t\t\t\t<\/div>\n\t\t\t\t<\/div>\n\t\t\t\t\t<\/div>\n\t\t<\/div>\n\t\t\t\t\t\t\t<\/div>\n\t\t<\/section>\n\t\t\t\t<section class=\"elementor-section elementor-top-section elementor-element elementor-element-a1fbe0f elementor-section-boxed elementor-section-height-default elementor-section-height-default\" data-id=\"a1fbe0f\" data-element_type=\"section\">\n\t\t\t\t\t\t<div class=\"elementor-container elementor-column-gap-default\">\n\t\t\t\t\t<div class=\"elementor-column elementor-col-100 elementor-top-column elementor-element elementor-element-a62343a\" data-id=\"a62343a\" data-element_type=\"column\">\n\t\t\t<div class=\"elementor-widget-wrap elementor-element-populated\">\n\t\t\t\t\t\t\t\t<div class=\"elementor-element elementor-element-0c70a03 elementor-widget elementor-widget-spacer\" data-id=\"0c70a03\" data-element_type=\"widget\" data-widget_type=\"spacer.default\">\n\t\t\t\t<div class=\"elementor-widget-container\">\n\t\t\t\t\t<div class=\"elementor-spacer\">\n\t\t\t<div class=\"elementor-spacer-inner\"><\/div>\n\t\t<\/div>\n\t\t\t\t<\/div>\n\t\t\t\t<\/div>\n\t\t\t\t\t<\/div>\n\t\t<\/div>\n\t\t\t\t\t\t\t<\/div>\n\t\t<\/section>\n\t\t\t\t\t\t\t<\/div>\n\t\t","protected":false},"excerpt":{"rendered":"<p>Projelerimiz Anasayfa Projelerimiz \u00d6z Katre \u0130nsaat \u00d6z Katre \u0130nsaat \u00d6z Katre \u0130nsaat<\/p>\n","protected":false},"author":1,"featured_media":0,"parent":0,"menu_order":0,"comment_status":"closed","ping_status":"closed","template":"blank-builder.php","meta":{"footnotes":""},"class_list":["post-3998","page","type-page","status-publish","hentry"],"_links":{"self":[{"href":"https:\/\/ozkatreinsaat.com\/insaat\/wp-json\/wp\/v2\/pages\/3998","targetHints":{"allow":["GET"]}}],"collection":[{"href":"https:\/\/ozkatreinsaat.com\/insaat\/wp-json\/wp\/v2\/pages"}],"about":[{"href":"https:\/\/ozkatreinsaat.com\/insaat\/wp-json\/wp\/v2\/types\/page"}],"author":[{"embeddable":true,"href":"https:\/\/ozkatreinsaat.com\/insaat\/wp-json\/wp\/v2\/users\/1"}],"replies":[{"embeddable":true,"href":"https:\/\/ozkatreinsaat.com\/insaat\/wp-json\/wp\/v2\/comments?post=3998"}],"version-history":[{"count":17,"href":"https:\/\/ozkatreinsaat.com\/insaat\/wp-json\/wp\/v2\/pages\/3998\/revisions"}],"predecessor-version":[{"id":4168,"href":"https:\/\/ozkatreinsaat.com\/insaat\/wp-json\/wp\/v2\/pages\/3998\/revisions\/4168"}],"wp:attachment":[{"href":"https:\/\/ozkatreinsaat.com\/insaat\/wp-json\/wp\/v2\/media?parent=3998"}],"curies":[{"name":"wp","href":"https:\/\/api.w.org\/{rel}","templated":true}]}}