{"id":738,"date":"2019-06-12T04:31:35","date_gmt":"2019-06-12T04:31:35","guid":{"rendered":"http:\/\/innovationplans.com\/themes\/bim\/wp\/?page_id=738"},"modified":"2023-08-01T14:39:14","modified_gmt":"2023-08-01T11:39:14","slug":"projects-v1","status":"publish","type":"page","link":"https:\/\/ozkatreinsaat.com\/insaat\/projects-v1\/","title":{"rendered":"Projects V1"},"content":{"rendered":"\t\t<div data-elementor-type=\"wp-post\" data-elementor-id=\"738\" class=\"elementor elementor-738\">\n\t\t\t\t\t\t\t\t\t<section class=\"elementor-section elementor-top-section elementor-element elementor-element-6cdadf4d elementor-section-boxed elementor-section-height-default elementor-section-height-default\" data-id=\"6cdadf4d\" data-element_type=\"section\" id=\"Portfolio\" data-settings=\"{&quot;background_background&quot;:&quot;classic&quot;}\">\n\t\t\t\t\t\t\t<div class=\"elementor-background-overlay\"><\/div>\n\t\t\t\t\t\t\t<div class=\"elementor-container elementor-column-gap-default\">\n\t\t\t\t\t<div class=\"elementor-column elementor-col-100 elementor-top-column elementor-element elementor-element-5258dafa\" data-id=\"5258dafa\" data-element_type=\"column\">\n\t\t\t<div class=\"elementor-widget-wrap elementor-element-populated\">\n\t\t\t\t\t\t\t\t<section class=\"elementor-section elementor-inner-section elementor-element elementor-element-1651eefd elementor-section-boxed elementor-section-height-default elementor-section-height-default\" data-id=\"1651eefd\" data-element_type=\"section\">\n\t\t\t\t\t\t<div class=\"elementor-container elementor-column-gap-default\">\n\t\t\t\t\t<div class=\"elementor-column elementor-col-100 elementor-inner-column elementor-element elementor-element-6668f413\" data-id=\"6668f413\" data-element_type=\"column\">\n\t\t\t<div class=\"elementor-widget-wrap elementor-element-populated\">\n\t\t\t\t\t\t\t\t<div class=\"elementor-element elementor-element-2a6bffa0 elementor-widget elementor-widget-heading\" data-id=\"2a6bffa0\" data-element_type=\"widget\" data-widget_type=\"heading.default\">\n\t\t\t\t<div class=\"elementor-widget-container\">\n\t\t\t<style>\/*! elementor - v3.14.0 - 26-06-2023 *\/\n.elementor-heading-title{padding:0;margin:0;line-height:1}.elementor-widget-heading .elementor-heading-title[class*=elementor-size-]>a{color:inherit;font-size:inherit;line-height:inherit}.elementor-widget-heading .elementor-heading-title.elementor-size-small{font-size:15px}.elementor-widget-heading .elementor-heading-title.elementor-size-medium{font-size:19px}.elementor-widget-heading .elementor-heading-title.elementor-size-large{font-size:29px}.elementor-widget-heading .elementor-heading-title.elementor-size-xl{font-size:39px}.elementor-widget-heading .elementor-heading-title.elementor-size-xxl{font-size:59px}<\/style><h6 class=\"elementor-heading-title elementor-size-default\">Recent Work<\/h6>\t\t<\/div>\n\t\t\t\t<\/div>\n\t\t\t\t<div class=\"elementor-element elementor-element-7ab9e1b6 elementor-widget elementor-widget-heading\" data-id=\"7ab9e1b6\" data-element_type=\"widget\" data-widget_type=\"heading.default\">\n\t\t\t\t<div class=\"elementor-widget-container\">\n\t\t\t<h3 class=\"elementor-heading-title elementor-size-default\">Awesome Portfolio <\/h3>\t\t<\/div>\n\t\t\t\t<\/div>\n\t\t\t\t\t<\/div>\n\t\t<\/div>\n\t\t\t\t\t\t\t<\/div>\n\t\t<\/section>\n\t\t\t\t<section class=\"elementor-section elementor-inner-section elementor-element elementor-element-225382b6 elementor-section-full_width elementor-section-height-default elementor-section-height-default\" data-id=\"225382b6\" data-element_type=\"section\">\n\t\t\t\t\t\t<div class=\"elementor-container elementor-column-gap-no\">\n\t\t\t\t\t<div class=\"elementor-column elementor-col-100 elementor-inner-column elementor-element elementor-element-74014230\" data-id=\"74014230\" data-element_type=\"column\">\n\t\t\t<div class=\"elementor-widget-wrap elementor-element-populated\">\n\t\t\t\t\t\t\t\t<div class=\"elementor-element elementor-element-f68d02e elementor-widget elementor-widget-bim-portfolio\" data-id=\"f68d02e\" data-element_type=\"widget\" data-widget_type=\"bim-portfolio.default\">\n\t\t\t\t<div class=\"elementor-widget-container\">\n\t\t\t\t\t<div class=\"filter-tab\">\r\n\t        <ul class=\"port-filter center-port-filter animated fadeInUp slow\" data-animation=\"fadeInUp\" data-delay=\"0.8s\" >\r\n\t                            \r\n\t\t\t\t \r\n\t        <\/ul>\r\n        <\/div>\r\n\t\t\r\n        \r\n   \r\n   \t\t<div class=\"portfolio-body clearfix standard-port portfolio-body  portfolio-1\">\r\n\t\t\t            \r\n            <div class=\"col-md-3             port-item post-3729 portfolio type-portfolio status-publish has-post-thumbnail hentry pb-30\" id=\"post-3729\" >\r\n               \r\n                <div class=\"port-inner\"> \r\n\r\n\t\t\t\t\t\r\n\t                    <div class=\"port-box\"><\/div> \r\n\t                    <div class=\"port-img width-img img-bg\" style=\"background-image:url(https:\/\/ozkatreinsaat.com\/insaat\/wp-content\/uploads\/2023\/12\/Adsiz-tasarim-62.png);\"><\/div>\r\n\t                    \t                    <div class=\"port-img width-img img-bg hid\" style=\"background-image:url();\"><\/div>\r\n\t                                        \r\n\r\n                    <div class=\"img-mask\"><\/div>\r\n                    <div class=\"port-dbox\">\r\n                        <div class=\"dbox-relative\">\r\n                        \t                            <h3><a href=\"https:\/\/ozkatreinsaat.com\/insaat\/portfolio\/oz-katre-insaat-3\/\" >\u00d6z Katre \u0130nsaat<\/a><\/h3>\r\n                            <div class=\"cleaboth clearfix\"><\/div>\r\n                             \r\n                            <p><\/p>\r\n                        <\/div><!--\/.dbox-relative-->\r\n                        \t                     <\/a>\r\n                    <\/div><!--\/.port-dbox--> \r\n                <\/div><!--\/.port-inner-->                \r\n                \r\n            <\/div><!--.port-item-->\r\n           \r\n                       \r\n            <div class=\"col-md-3             port-item post-3730 portfolio type-portfolio status-publish has-post-thumbnail hentry pb-30\" id=\"post-3730\" >\r\n               \r\n                <div class=\"port-inner\"> \r\n\r\n\t\t\t\t\t\r\n\t                    <div class=\"port-box\"><\/div> \r\n\t                    <div class=\"port-img width-img img-bg\" style=\"background-image:url(https:\/\/ozkatreinsaat.com\/insaat\/wp-content\/uploads\/2023\/12\/0113670_yesil-insaat-teknolojilerine-dunya-capinda-22-milyar-dolarlik-yatirim.jpeg);\"><\/div>\r\n\t                    \t                    <div class=\"port-img width-img img-bg hid\" style=\"background-image:url();\"><\/div>\r\n\t                                        \r\n\r\n                    <div class=\"img-mask\"><\/div>\r\n                    <div class=\"port-dbox\">\r\n                        <div class=\"dbox-relative\">\r\n                        \t                            <h3><a href=\"https:\/\/ozkatreinsaat.com\/insaat\/portfolio\/oz-katre-insaat-2\/\" >\u00d6z Katre \u0130nsaat<\/a><\/h3>\r\n                            <div class=\"cleaboth clearfix\"><\/div>\r\n                             \r\n                            <p><\/p>\r\n                        <\/div><!--\/.dbox-relative-->\r\n                        \t                     <\/a>\r\n                    <\/div><!--\/.port-dbox--> \r\n                <\/div><!--\/.port-inner-->                \r\n                \r\n            <\/div><!--.port-item-->\r\n           \r\n                       \r\n            <div class=\"col-md-3             port-item post-3731 portfolio type-portfolio status-publish has-post-thumbnail hentry pb-30\" id=\"post-3731\" >\r\n               \r\n                <div class=\"port-inner\"> \r\n\r\n\t\t\t\t\t\r\n\t                    <div class=\"port-box\"><\/div> \r\n\t                    <div class=\"port-img width-img img-bg\" style=\"background-image:url(https:\/\/ozkatreinsaat.com\/insaat\/wp-content\/uploads\/2023\/12\/42935.jpg);\"><\/div>\r\n\t                    \t                    <div class=\"port-img width-img img-bg hid\" style=\"background-image:url();\"><\/div>\r\n\t                                        \r\n\r\n                    <div class=\"img-mask\"><\/div>\r\n                    <div class=\"port-dbox\">\r\n                        <div class=\"dbox-relative\">\r\n                        \t                            <h3><a href=\"https:\/\/ozkatreinsaat.com\/insaat\/portfolio\/oz-katre-insaat\/\" >\u00d6z Katre \u0130nsaat<\/a><\/h3>\r\n                            <div class=\"cleaboth clearfix\"><\/div>\r\n                             \r\n                            <p><\/p>\r\n                        <\/div><!--\/.dbox-relative-->\r\n                        \t                     <\/a>\r\n                    <\/div><!--\/.port-dbox--> \r\n                <\/div><!--\/.port-inner-->                \r\n                \r\n            <\/div><!--.port-item-->\r\n           \r\n           \t\t\t\r\n\t\t\t\t   <!--pagination--> \r\n                                             \r\n                            \r\n        <\/div><!--\/.portfolio-body-->\r\n                        \r\n\t\t\t\t<\/div>\n\t\t\t\t<\/div>\n\t\t\t\t\t<\/div>\n\t\t<\/div>\n\t\t\t\t\t\t\t<\/div>\n\t\t<\/section>\n\t\t\t\t\t<\/div>\n\t\t<\/div>\n\t\t\t\t\t\t\t<\/div>\n\t\t<\/section>\n\t\t\t\t\t\t\t<\/div>\n\t\t","protected":false},"excerpt":{"rendered":"<p>Recent Work Awesome Portfolio All Creative Decorative Design Development Directional Plise Perde Montaj\u0131 Plise Perde Montaj\u0131 #2 Plise Perde Montaj\u0131 #3 Plise Perde Montaj\u0131 #4 Plise Perde Montaj\u0131 #5 Plise Perde Montaj\u0131 #6 Plise Perde Montaj\u0131 #6 #3 Plise Perde Montaj\u0131 #6 #19 Plise Perde Montaj\u0131 #6 #20 Plise Perde Montaj\u0131 #6 #21 Plise Perde Montaj\u0131 #6 #37 Plise Perde &hellip;<\/p>\n","protected":false},"author":1,"featured_media":0,"parent":0,"menu_order":0,"comment_status":"closed","ping_status":"closed","template":"blank-builder.php","meta":{"footnotes":""},"class_list":["post-738","page","type-page","status-publish","hentry"],"_links":{"self":[{"href":"https:\/\/ozkatreinsaat.com\/insaat\/wp-json\/wp\/v2\/pages\/738","targetHints":{"allow":["GET"]}}],"collection":[{"href":"https:\/\/ozkatreinsaat.com\/insaat\/wp-json\/wp\/v2\/pages"}],"about":[{"href":"https:\/\/ozkatreinsaat.com\/insaat\/wp-json\/wp\/v2\/types\/page"}],"author":[{"embeddable":true,"href":"https:\/\/ozkatreinsaat.com\/insaat\/wp-json\/wp\/v2\/users\/1"}],"replies":[{"embeddable":true,"href":"https:\/\/ozkatreinsaat.com\/insaat\/wp-json\/wp\/v2\/comments?post=738"}],"version-history":[{"count":3,"href":"https:\/\/ozkatreinsaat.com\/insaat\/wp-json\/wp\/v2\/pages\/738\/revisions"}],"predecessor-version":[{"id":3772,"href":"https:\/\/ozkatreinsaat.com\/insaat\/wp-json\/wp\/v2\/pages\/738\/revisions\/3772"}],"wp:attachment":[{"href":"https:\/\/ozkatreinsaat.com\/insaat\/wp-json\/wp\/v2\/media?parent=738"}],"curies":[{"name":"wp","href":"https:\/\/api.w.org\/{rel}","templated":true}]}}